{"id":2506,"date":"2025-01-17T10:48:49","date_gmt":"2025-01-17T10:48:49","guid":{"rendered":"https:\/\/www.tikdd.cc\/i\/?page_id=2506"},"modified":"2025-01-17T10:50:16","modified_gmt":"2025-01-17T10:50:16","slug":"descargar-videos-de-ntv-ru","status":"publish","type":"page","link":"https:\/\/www.tikdd.cc\/i\/es\/descargar-videos-de-ntv-ru\/","title":{"rendered":"Descargar V\u00eddeos de\u00a0Ntv.ru"},"content":{"rendered":"\n<p><strong>Descargador de v\u00eddeo de Ntv.ru<\/strong> es una herramienta gratuita dise\u00f1ada para descargar v\u00eddeos de <a href=\"http:\/\/www.ntv.ru\/\" rel=\"nofollow noopener\" target=\"_blank\">Ntv.ru<\/a>, una destacada cadena de televisi\u00f3n rusa que ofrece noticias, entretenimiento, documentales y series. Este descargador permite a los usuarios guardar v\u00eddeos en formatos de alta calidad como .mp4, garantizando un acceso sin problemas y sin conexi\u00f3n a una amplia gama de contenidos de NTV. Con s\u00f3lo pegar la URL del v\u00eddeo en el descargador, los usuarios pueden recuperar r\u00e1pidamente sus programas o clips favoritos. El descargador es eficaz y preserva la calidad original de los v\u00eddeos, por lo que es perfecto para quienes deseen ver contenidos de NTV sin conexi\u00f3n a Internet.<\/p>\n\n\n\n<p>Ejemplo de URL >>> <code>http:\/\/www.ntv.ru\/novosti\/863142\/<\/code><\/p>\n\n\n\n<div class=\"section features-1\">\n        <div class=\"container\">\n            <div class=\"row\">\n                <div class=\"col-md-8 mx-auto text-center\">\n                    <h2 class=\"display-4 mb-5\">\u00bfC\u00f3mo descargar v\u00eddeos de Ntv.ru?<\/h2>\n                <\/div>\n            <\/div>\n            <div class=\"row text-center\">\n                <div class=\"col\">\n                    <div class=\"info\">\n                        <div class=\"icon icon-lg icon-shape icon-shape-primary shadow rounded-circle\">\n                            <i class=\"fas fa-link\"><\/i>\n                        <\/div>\n                        <h6 class=\"info-title text-uppercase text-primary\">Copiar URL de v\u00eddeo compartible<\/h6>\n                        <p class=\"description opacity-8\"><\/p>\n                    <\/div>\n                <\/div>\n                <div class=\"col\">\n                    <div class=\"info\">\n                        <div class=\"icon icon-lg icon-shape icon-shape-success shadow rounded-circle\">\n                            <i class=\"fas fa-paste\"><\/i>\n                        <\/div>\n                        <h6 class=\"info-title text-uppercase text-success\">P\u00e9guelo en el campo de arriba<\/h6>\n                        <p class=\"description opacity-8\"><\/p>\n                    <\/div>\n                <\/div>\n                <div class=\"col\">\n                    <div class=\"info\">\n                        <div class=\"icon icon-lg icon-shape icon-shape-info shadow rounded-circle\">\n                            <i class=\"fas fa-download\"><\/i>\n                        <\/div>\n                        <h6 class=\"info-title text-uppercase text-info\">Haga clic para descargar<\/h6>\n                        <p class=\"description opacity-8\"><\/p>\n                    <\/div>\n                <\/div>\n            <\/div>\n        <\/div>\n    <\/div>\n","protected":false},"excerpt":{"rendered":"<p>Descargador de v\u00eddeo de Ntv.ru es una herramienta gratuita dise\u00f1ada para descargar v\u00eddeos de Ntv.ru,&hellip;<\/p>\n","protected":false},"author":1,"featured_media":0,"parent":0,"menu_order":0,"comment_status":"closed","ping_status":"closed","template":"page-templates\/template-downloader.php","meta":{"footnotes":""},"class_list":["post-2506","page","type-page","status-publish","hentry"],"_links":{"self":[{"href":"https:\/\/www.tikdd.cc\/i\/wp-json\/wp\/v2\/pages\/2506","targetHints":{"allow":["GET"]}}],"collection":[{"href":"https:\/\/www.tikdd.cc\/i\/wp-json\/wp\/v2\/pages"}],"about":[{"href":"https:\/\/www.tikdd.cc\/i\/wp-json\/wp\/v2\/types\/page"}],"author":[{"embeddable":true,"href":"https:\/\/www.tikdd.cc\/i\/wp-json\/wp\/v2\/users\/1"}],"replies":[{"embeddable":true,"href":"https:\/\/www.tikdd.cc\/i\/wp-json\/wp\/v2\/comments?post=2506"}],"version-history":[{"count":2,"href":"https:\/\/www.tikdd.cc\/i\/wp-json\/wp\/v2\/pages\/2506\/revisions"}],"predecessor-version":[{"id":2508,"href":"https:\/\/www.tikdd.cc\/i\/wp-json\/wp\/v2\/pages\/2506\/revisions\/2508"}],"wp:attachment":[{"href":"https:\/\/www.tikdd.cc\/i\/wp-json\/wp\/v2\/media?parent=2506"}],"curies":[{"name":"wp","href":"https:\/\/api.w.org\/{rel}","templated":true}]}}