{"id":2504,"date":"2025-01-17T10:06:28","date_gmt":"2025-01-17T10:06:28","guid":{"rendered":"https:\/\/www.tikdd.cc\/i\/?page_id=2504"},"modified":"2025-01-17T10:07:26","modified_gmt":"2025-01-17T10:07:26","slug":"descargar-videos-de-ntv","status":"publish","type":"page","link":"https:\/\/www.tikdd.cc\/i\/es\/descargar-videos-de-ntv\/","title":{"rendered":"Descargar V\u00eddeos de\u00a0NTV"},"content":{"rendered":"\n<p><strong>Descargador de v\u00eddeo de NTV<\/strong> es una pr\u00e1ctica herramienta para descargar v\u00eddeos de <a href=\"https:\/\/www.n-tv.de\/\" rel=\"nofollow noopener\" target=\"_blank\">n-tv.de<\/a>, una plataforma l\u00edder de noticias, documentales y contenidos de entretenimiento en Alemania. Este descargador permite a los usuarios guardar v\u00eddeos en formatos de alta definici\u00f3n como .mp4 para verlos sin conexi\u00f3n. Al pegar la URL del v\u00eddeo en el descargador, los usuarios pueden acceder y almacenar r\u00e1pidamente sus contenidos preferidos, como noticias de \u00faltima hora, reportajes en profundidad y programas destacados. La herramienta ofrece una experiencia r\u00e1pida y f\u00e1cil de usar, al tiempo que preserva la calidad del v\u00eddeo.<\/p>\n\n\n\n<p>Ejemplo de URL &gt;&gt;&gt; https:\/\/www.n-tv.de\/mediathek\/videos\/unterhaltung\/Kochende-J-Lo-verzueckt-mit-High-Heels-und-Glitzerkleid-article25419984.html<\/p>\n\n\n\n<div class=\"section features-1\">\n        <div class=\"container\">\n            <div class=\"row\">\n                <div class=\"col-md-8 mx-auto text-center\">\n                    <h2 class=\"display-4 mb-5\">\u00bfC\u00f3mo descargar v\u00eddeos de NTV?<\/h2>\n                <\/div>\n            <\/div>\n            <div class=\"row text-center\">\n                <div class=\"col\">\n                    <div class=\"info\">\n                        <div class=\"icon icon-lg icon-shape icon-shape-primary shadow rounded-circle\">\n                            <i class=\"fas fa-link\"><\/i>\n                        <\/div>\n                        <h6 class=\"info-title text-uppercase text-primary\">Copiar URL de v\u00eddeo compartible<\/h6>\n                        <p class=\"description opacity-8\"><\/p>\n                    <\/div>\n                <\/div>\n                <div class=\"col\">\n                    <div class=\"info\">\n                        <div class=\"icon icon-lg icon-shape icon-shape-success shadow rounded-circle\">\n                            <i class=\"fas fa-paste\"><\/i>\n                        <\/div>\n                        <h6 class=\"info-title text-uppercase text-success\">P\u00e9guelo en el campo de arriba<\/h6>\n                        <p class=\"description opacity-8\"><\/p>\n                    <\/div>\n                <\/div>\n                <div class=\"col\">\n                    <div class=\"info\">\n                        <div class=\"icon icon-lg icon-shape icon-shape-info shadow rounded-circle\">\n                            <i class=\"fas fa-download\"><\/i>\n                        <\/div>\n                        <h6 class=\"info-title text-uppercase text-info\">Haga clic para descargar<\/h6>\n                        <p class=\"description opacity-8\"><\/p>\n                    <\/div>\n                <\/div>\n            <\/div>\n        <\/div>\n    <\/div>\n","protected":false},"excerpt":{"rendered":"<p>Descargador de v\u00eddeo de NTV es una pr\u00e1ctica herramienta para descargar v\u00eddeos de n-tv.de, una&hellip;<\/p>\n","protected":false},"author":1,"featured_media":0,"parent":0,"menu_order":0,"comment_status":"closed","ping_status":"closed","template":"page-templates\/template-downloader.php","meta":{"footnotes":""},"class_list":["post-2504","page","type-page","status-publish","hentry"],"_links":{"self":[{"href":"https:\/\/www.tikdd.cc\/i\/wp-json\/wp\/v2\/pages\/2504","targetHints":{"allow":["GET"]}}],"collection":[{"href":"https:\/\/www.tikdd.cc\/i\/wp-json\/wp\/v2\/pages"}],"about":[{"href":"https:\/\/www.tikdd.cc\/i\/wp-json\/wp\/v2\/types\/page"}],"author":[{"embeddable":true,"href":"https:\/\/www.tikdd.cc\/i\/wp-json\/wp\/v2\/users\/1"}],"replies":[{"embeddable":true,"href":"https:\/\/www.tikdd.cc\/i\/wp-json\/wp\/v2\/comments?post=2504"}],"version-history":[{"count":1,"href":"https:\/\/www.tikdd.cc\/i\/wp-json\/wp\/v2\/pages\/2504\/revisions"}],"predecessor-version":[{"id":2505,"href":"https:\/\/www.tikdd.cc\/i\/wp-json\/wp\/v2\/pages\/2504\/revisions\/2505"}],"wp:attachment":[{"href":"https:\/\/www.tikdd.cc\/i\/wp-json\/wp\/v2\/media?parent=2504"}],"curies":[{"name":"wp","href":"https:\/\/api.w.org\/{rel}","templated":true}]}}