{"id":2430,"date":"2025-01-15T14:38:23","date_gmt":"2025-01-15T14:38:23","guid":{"rendered":"https:\/\/www.tikdd.cc\/i\/?page_id=2430"},"modified":"2025-01-15T14:38:25","modified_gmt":"2025-01-15T14:38:25","slug":"descargar-musica-de-hearthis","status":"publish","type":"page","link":"https:\/\/www.tikdd.cc\/i\/es\/descargar-musica-de-hearthis\/","title":{"rendered":"Descargar M\u00fasica de\u00a0HearThis"},"content":{"rendered":"\n<p>Descargador de m\u00fasica de HearThis es una herramienta dise\u00f1ada para descargar pistas de audio de <a href=\"https:\/\/hearthis.at\/\" rel=\"nofollow noopener\" target=\"_blank\">HearThis.at<\/a>, una plataforma para compartir y transmitir m\u00fasica, sesiones de DJ y podcasts. Al introducir la URL del audio en el descargador, los usuarios pueden guardar las pistas en formatos de alta calidad como .mp3 para escucharlas sin conexi\u00f3n. Este descargador es ideal para amantes de la m\u00fasica, DJ y podcasters que quieran acceder a sus canciones favoritas en cualquier momento sin conexi\u00f3n a Internet. La herramienta garantiza una experiencia r\u00e1pida y f\u00e1cil de usar, manteniendo la calidad del audio.<\/p>\n\n\n\n<p>Ejemplo de URL &gt;&gt;&gt; https:\/\/hearthis.at\/saranishino-remix\/retro-disco-vol6-eurodance-disco\/<\/p>\n\n\n\n<div class=\"section features-1\">\n        <div class=\"container\">\n            <div class=\"row\">\n                <div class=\"col-md-8 mx-auto text-center\">\n                    <h2 class=\"display-4 mb-5\"><a href=\"#\" target=\"_blank\">\u00bfC\u00f3mo descargar m\u00fasica de HearThis?<\/a><\/h2>\n                <\/div>\n            <\/div>\n            <div class=\"row text-center\">\n                <div class=\"col\">\n                    <div class=\"info\">\n                        <div class=\"icon icon-lg icon-shape icon-shape-primary shadow rounded-circle\">\n                            <i class=\"fas fa-link\"><\/i>\n                        <\/div>\n                        <h6 class=\"info-title text-uppercase text-primary\">Copiar URL de v\u00eddeo compartible<\/h6>\n                        <p class=\"description opacity-8\"><\/p>\n                    <\/div>\n                <\/div>\n                <div class=\"col\">\n                    <div class=\"info\">\n                        <div class=\"icon icon-lg icon-shape icon-shape-success shadow rounded-circle\">\n                            <i class=\"fas fa-paste\"><\/i>\n                        <\/div>\n                        <h6 class=\"info-title text-uppercase text-success\">P\u00e9guelo en el campo de arriba<\/h6>\n                        <p class=\"description opacity-8\"><\/p>\n                    <\/div>\n                <\/div>\n                <div class=\"col\">\n                    <div class=\"info\">\n                        <div class=\"icon icon-lg icon-shape icon-shape-info shadow rounded-circle\">\n                            <i class=\"fas fa-download\"><\/i>\n                        <\/div>\n                        <h6 class=\"info-title text-uppercase text-info\">Haga clic en el bot\u00f3n de descarga<\/h6>\n                        <p class=\"description opacity-8\"><\/p>\n                    <\/div>\n                <\/div>\n            <\/div>\n        <\/div>\n    <\/div>\n","protected":false},"excerpt":{"rendered":"<p>Descargador de m\u00fasica de HearThis es una herramienta dise\u00f1ada para descargar pistas de audio de&hellip;<\/p>\n","protected":false},"author":1,"featured_media":0,"parent":0,"menu_order":0,"comment_status":"closed","ping_status":"closed","template":"page-templates\/template-downloader.php","meta":{"footnotes":""},"class_list":["post-2430","page","type-page","status-publish","hentry"],"_links":{"self":[{"href":"https:\/\/www.tikdd.cc\/i\/wp-json\/wp\/v2\/pages\/2430","targetHints":{"allow":["GET"]}}],"collection":[{"href":"https:\/\/www.tikdd.cc\/i\/wp-json\/wp\/v2\/pages"}],"about":[{"href":"https:\/\/www.tikdd.cc\/i\/wp-json\/wp\/v2\/types\/page"}],"author":[{"embeddable":true,"href":"https:\/\/www.tikdd.cc\/i\/wp-json\/wp\/v2\/users\/1"}],"replies":[{"embeddable":true,"href":"https:\/\/www.tikdd.cc\/i\/wp-json\/wp\/v2\/comments?post=2430"}],"version-history":[{"count":1,"href":"https:\/\/www.tikdd.cc\/i\/wp-json\/wp\/v2\/pages\/2430\/revisions"}],"predecessor-version":[{"id":2431,"href":"https:\/\/www.tikdd.cc\/i\/wp-json\/wp\/v2\/pages\/2430\/revisions\/2431"}],"wp:attachment":[{"href":"https:\/\/www.tikdd.cc\/i\/wp-json\/wp\/v2\/media?parent=2430"}],"curies":[{"name":"wp","href":"https:\/\/api.w.org\/{rel}","templated":true}]}}