{"id":2316,"date":"2025-01-13T08:37:36","date_gmt":"2025-01-13T08:37:36","guid":{"rendered":"https:\/\/www.tikdd.cc\/i\/?page_id=2316"},"modified":"2025-01-13T08:37:37","modified_gmt":"2025-01-13T08:37:37","slug":"telecharger-audio-ximalaya","status":"publish","type":"page","link":"https:\/\/www.tikdd.cc\/i\/fr\/telecharger-audio-ximalaya\/","title":{"rendered":"T\u00e9l\u00e9charger audio\u00a0Ximalaya"},"content":{"rendered":"\n<p><strong>T\u00e9l\u00e9chargeur de audios Ximalaya<\/strong> est un outil gratuit permettant de t\u00e9l\u00e9charger du contenu audio \u00e0 partir de <a href=\"https:\/\/m.ximalaya.com\/\" rel=\"nofollow noopener\" target=\"_blank\">ximalaya.com<\/a>, une plateforme de premier plan pour les podcasts, les livres audio et le contenu \u00e9ducatif en Chine. Ce t\u00e9l\u00e9chargeur permet aux utilisateurs d&#8217;enregistrer des fichiers audio dans des formats de haute qualit\u00e9 tels que .MP3 pour une \u00e9coute hors ligne, garantissant ainsi un acc\u00e8s ininterrompu \u00e0 leurs programmes pr\u00e9f\u00e9r\u00e9s. Le processus est simple : copiez l&#8217;URL du contenu Ximalaya souhait\u00e9, collez-la dans le t\u00e9l\u00e9chargeur et r\u00e9cup\u00e9rez rapidement le fichier audio.<\/p>\n\n\n\n<p>Exemple d&#8217;URL &gt;&gt;&gt; https:\/\/m.ximalaya.com\/sound\/641186963<\/p>\n\n\n\n<div class=\"section features-1\">\n        <div class=\"container\">\n            <div class=\"row\">\n                <div class=\"col-md-8 mx-auto text-center\">\n                    <h2 class=\"display-4 mb-5\"><a href=\"#\" target=\"_blank\">Comment t\u00e9l\u00e9charger des audios de Ximalaya?<\/a><\/h2>\n                <\/div>\n            <\/div>\n            <div class=\"row text-center\">\n                <div class=\"col\">\n                    <div class=\"info\">\n                        <div class=\"icon icon-lg icon-shape icon-shape-primary shadow rounded-circle\">\n                            <i class=\"fas fa-link\"><\/i>\n                        <\/div>\n                        <h6 class=\"info-title text-uppercase text-primary\">Copier l&#8217;URL de la vid\u00e9o \u00e0 partager<\/h6>\n                        <p class=\"description opacity-8\"><\/p>\n                    <\/div>\n                <\/div>\n                <div class=\"col\">\n                    <div class=\"info\">\n                        <div class=\"icon icon-lg icon-shape icon-shape-success shadow rounded-circle\">\n                            <i class=\"fas fa-paste\"><\/i>\n                        <\/div>\n                        <h6 class=\"info-title text-uppercase text-success\">Collez-la dans le champ ci-dessus<\/h6>\n                        <p class=\"description opacity-8\"><\/p>\n                    <\/div>\n                <\/div>\n                <div class=\"col\">\n                    <div class=\"info\">\n                        <div class=\"icon icon-lg icon-shape icon-shape-info shadow rounded-circle\">\n                            <i class=\"fas fa-download\"><\/i>\n                        <\/div>\n                        <h6 class=\"info-title text-uppercase text-info\">Cliquez sur le bouton de t\u00e9l\u00e9chargement<\/h6>\n                        <p class=\"description opacity-8\"><\/p>\n                    <\/div>\n                <\/div>\n            <\/div>\n        <\/div>\n    <\/div>\n","protected":false},"excerpt":{"rendered":"<p>T\u00e9l\u00e9chargeur de audios Ximalaya est un outil gratuit permettant de t\u00e9l\u00e9charger du contenu audio \u00e0&hellip;<\/p>\n","protected":false},"author":1,"featured_media":0,"parent":0,"menu_order":0,"comment_status":"closed","ping_status":"closed","template":"page-templates\/template-downloader.php","meta":{"footnotes":""},"class_list":["post-2316","page","type-page","status-publish","hentry"],"_links":{"self":[{"href":"https:\/\/www.tikdd.cc\/i\/wp-json\/wp\/v2\/pages\/2316","targetHints":{"allow":["GET"]}}],"collection":[{"href":"https:\/\/www.tikdd.cc\/i\/wp-json\/wp\/v2\/pages"}],"about":[{"href":"https:\/\/www.tikdd.cc\/i\/wp-json\/wp\/v2\/types\/page"}],"author":[{"embeddable":true,"href":"https:\/\/www.tikdd.cc\/i\/wp-json\/wp\/v2\/users\/1"}],"replies":[{"embeddable":true,"href":"https:\/\/www.tikdd.cc\/i\/wp-json\/wp\/v2\/comments?post=2316"}],"version-history":[{"count":1,"href":"https:\/\/www.tikdd.cc\/i\/wp-json\/wp\/v2\/pages\/2316\/revisions"}],"predecessor-version":[{"id":2317,"href":"https:\/\/www.tikdd.cc\/i\/wp-json\/wp\/v2\/pages\/2316\/revisions\/2317"}],"wp:attachment":[{"href":"https:\/\/www.tikdd.cc\/i\/wp-json\/wp\/v2\/media?parent=2316"}],"curies":[{"name":"wp","href":"https:\/\/api.w.org\/{rel}","templated":true}]}}