{"id":2294,"date":"2025-01-13T08:14:36","date_gmt":"2025-01-13T08:14:36","guid":{"rendered":"https:\/\/www.tikdd.cc\/i\/?page_id=2294"},"modified":"2026-03-01T03:29:45","modified_gmt":"2026-03-01T03:29:45","slug":"telecharger-video-tnaflix","status":"publish","type":"page","link":"https:\/\/www.tikdd.cc\/i\/fr\/telecharger-video-tnaflix\/","title":{"rendered":"T\u00e9l\u00e9charger Vid\u00e9o\u00a0TNAFlix"},"content":{"rendered":"\n<p><strong>T\u00e9l\u00e9chargeur de vid\u00e9os TNAFlix<\/strong> est un outil gratuit de t\u00e9l\u00e9chargement de vid\u00e9os pour adultes \u00e0 partir de <a href=\"https:\/\/www.tnaflix.com\/\" rel=\"nofollow noopener\" target=\"_blank\">TNAFlix.com<\/a>, permettant aux utilisateurs de sauvegarder le contenu dans des formats haute d\u00e9finition tels que .mp4 pour un visionnage hors ligne. Pour utiliser le t\u00e9l\u00e9chargeur, copiez l&#8217;URL de la vid\u00e9o TNAFlix souhait\u00e9e, collez-la dans l&#8217;outil et t\u00e9l\u00e9chargez facilement le contenu.<\/p>\n\n\n\n<p>Exemple d&#8217;URL &gt;&gt;&gt; https:\/\/www.tnaflix.com\/amateur-porn\/ALL-GIRL-MASSAGE-Hot-Fake-Masseuse-Tiffany-Watson-Fucks-With-Latina-Hottie-Client-Alina-Lopez\/video11681270<\/p>\n\n\n\n<div class=\"section features-1\">\n        <div class=\"container\">\n            <div class=\"row\">\n                <div class=\"col-md-8 mx-auto text-center\">\n                    <h2 class=\"display-4 mb-5\"><a href=\"#\" target=\"_blank\">Comment t\u00e9l\u00e9charger des vid\u00e9os de TNAFlix?<\/a><\/h2>\n                <\/div>\n            <\/div>\n            <div class=\"row text-center\">\n                <div class=\"col\">\n                    <div class=\"info\">\n                        <div class=\"icon icon-lg icon-shape icon-shape-primary shadow rounded-circle\">\n                            <i class=\"fas fa-link\"><\/i>\n                        <\/div>\n                        <h6 class=\"info-title text-uppercase text-primary\">Copier l&#8217;URL de la vid\u00e9o \u00e0 partager<\/h6>\n                        <p class=\"description opacity-8\"><\/p>\n                    <\/div>\n                <\/div>\n                <div class=\"col\">\n                    <div class=\"info\">\n                        <div class=\"icon icon-lg icon-shape icon-shape-success shadow rounded-circle\">\n                            <i class=\"fas fa-paste\"><\/i>\n                        <\/div>\n                        <h6 class=\"info-title text-uppercase text-success\">Collez-la dans le champ ci-dessus<\/h6>\n                        <p class=\"description opacity-8\"><\/p>\n                    <\/div>\n                <\/div>\n                <div class=\"col\">\n                    <div class=\"info\">\n                        <div class=\"icon icon-lg icon-shape icon-shape-info shadow rounded-circle\">\n                            <i class=\"fas fa-download\"><\/i>\n                        <\/div>\n                        <h6 class=\"info-title text-uppercase text-info\">Cliquez sur le bouton de t\u00e9l\u00e9chargement<\/h6>\n                        <p class=\"description opacity-8\"><\/p>\n                    <\/div>\n                <\/div>\n            <\/div>\n        <\/div>\n    <\/div>\n\n\n","protected":false},"excerpt":{"rendered":"<p>T\u00e9l\u00e9chargeur de vid\u00e9os TNAFlix est un outil gratuit de t\u00e9l\u00e9chargement de vid\u00e9os pour adultes \u00e0&hellip;<\/p>\n","protected":false},"author":1,"featured_media":0,"parent":0,"menu_order":0,"comment_status":"closed","ping_status":"closed","template":"page-templates\/template-downloader.php","meta":{"footnotes":""},"class_list":["post-2294","page","type-page","status-publish","hentry"],"_links":{"self":[{"href":"https:\/\/www.tikdd.cc\/i\/wp-json\/wp\/v2\/pages\/2294","targetHints":{"allow":["GET"]}}],"collection":[{"href":"https:\/\/www.tikdd.cc\/i\/wp-json\/wp\/v2\/pages"}],"about":[{"href":"https:\/\/www.tikdd.cc\/i\/wp-json\/wp\/v2\/types\/page"}],"author":[{"embeddable":true,"href":"https:\/\/www.tikdd.cc\/i\/wp-json\/wp\/v2\/users\/1"}],"replies":[{"embeddable":true,"href":"https:\/\/www.tikdd.cc\/i\/wp-json\/wp\/v2\/comments?post=2294"}],"version-history":[{"count":5,"href":"https:\/\/www.tikdd.cc\/i\/wp-json\/wp\/v2\/pages\/2294\/revisions"}],"predecessor-version":[{"id":2701,"href":"https:\/\/www.tikdd.cc\/i\/wp-json\/wp\/v2\/pages\/2294\/revisions\/2701"}],"wp:attachment":[{"href":"https:\/\/www.tikdd.cc\/i\/wp-json\/wp\/v2\/media?parent=2294"}],"curies":[{"name":"wp","href":"https:\/\/api.w.org\/{rel}","templated":true}]}}