{"id":2280,"date":"2025-01-13T06:29:58","date_gmt":"2025-01-13T06:29:58","guid":{"rendered":"https:\/\/www.tikdd.cc\/i\/?page_id=2280"},"modified":"2025-01-13T06:29:59","modified_gmt":"2025-01-13T06:29:59","slug":"telecharger-musique-spotify","status":"publish","type":"page","link":"https:\/\/www.tikdd.cc\/i\/fr\/telecharger-musique-spotify\/","title":{"rendered":"T\u00e9l\u00e9charger Musique Spotify"},"content":{"rendered":"\n<p><strong>T\u00e9l\u00e9chargeur de Musique Spotify<\/strong> est un outil gratuit pour t\u00e9l\u00e9charger des titres de musique, des listes de lecture ou des albums depuis <a href=\"https:\/\/open.spotify.com\/\" rel=\"nofollow noopener\" target=\"_blank\">Spotify<\/a>, permettant aux utilisateurs de sauvegarder leurs chansons pr\u00e9f\u00e9r\u00e9es dans des formats tels que .mp3 pour une \u00e9coute hors ligne. Cet outil est particuli\u00e8rement utile pour cr\u00e9er une biblioth\u00e8que musicale personnelle accessible \u00e0 tout moment, m\u00eame sans connexion Internet. Le t\u00e9l\u00e9chargeur est facile \u00e0 utiliser : les utilisateurs peuvent copier l&#8217;URL du titre ou de la liste de lecture Spotify et la coller dans l&#8217;outil pour t\u00e9l\u00e9charger le contenu souhait\u00e9.<\/p>\n\n\n\n<p>Exemple d&#8217;URL &gt;&gt;&gt; https:\/\/open.spotify.com\/track\/0bYg9bo50gSsH3LtXe2SQn?si=3a5c978da00f46ee<\/p>\n\n\n\n<div class=\"section features-1\">\n        <div class=\"container\">\n            <div class=\"row\">\n                <div class=\"col-md-8 mx-auto text-center\">\n                    <h2 class=\"display-4 mb-5\"><a href=\"#\" target=\"_blank\">Comment t\u00e9l\u00e9charger des musique de Spotify?<\/a><\/h2>\n                <\/div>\n            <\/div>\n            <div class=\"row text-center\">\n                <div class=\"col\">\n                    <div class=\"info\">\n                        <div class=\"icon icon-lg icon-shape icon-shape-primary shadow rounded-circle\">\n                            <i class=\"fas fa-link\"><\/i>\n                        <\/div>\n                        <h6 class=\"info-title text-uppercase text-primary\">Copier l&#8217;URL de la vid\u00e9o \u00e0 partager<\/h6>\n                        <p class=\"description opacity-8\"><\/p>\n                    <\/div>\n                <\/div>\n                <div class=\"col\">\n                    <div class=\"info\">\n                        <div class=\"icon icon-lg icon-shape icon-shape-success shadow rounded-circle\">\n                            <i class=\"fas fa-paste\"><\/i>\n                        <\/div>\n                        <h6 class=\"info-title text-uppercase text-success\">Collez-la dans le champ ci-dessus<\/h6>\n                        <p class=\"description opacity-8\"><\/p>\n                    <\/div>\n                <\/div>\n                <div class=\"col\">\n                    <div class=\"info\">\n                        <div class=\"icon icon-lg icon-shape icon-shape-info shadow rounded-circle\">\n                            <i class=\"fas fa-download\"><\/i>\n                        <\/div>\n                        <h6 class=\"info-title text-uppercase text-info\">Cliquez sur le bouton de t\u00e9l\u00e9chargement<\/h6>\n                        <p class=\"description opacity-8\"><\/p>\n                    <\/div>\n                <\/div>\n            <\/div>\n        <\/div>\n    <\/div>\n","protected":false},"excerpt":{"rendered":"<p>T\u00e9l\u00e9chargeur de Musique Spotify est un outil gratuit pour t\u00e9l\u00e9charger des titres de musique, des&hellip;<\/p>\n","protected":false},"author":1,"featured_media":0,"parent":0,"menu_order":0,"comment_status":"closed","ping_status":"closed","template":"page-templates\/template-downloader.php","meta":{"footnotes":""},"class_list":["post-2280","page","type-page","status-publish","hentry"],"_links":{"self":[{"href":"https:\/\/www.tikdd.cc\/i\/wp-json\/wp\/v2\/pages\/2280","targetHints":{"allow":["GET"]}}],"collection":[{"href":"https:\/\/www.tikdd.cc\/i\/wp-json\/wp\/v2\/pages"}],"about":[{"href":"https:\/\/www.tikdd.cc\/i\/wp-json\/wp\/v2\/types\/page"}],"author":[{"embeddable":true,"href":"https:\/\/www.tikdd.cc\/i\/wp-json\/wp\/v2\/users\/1"}],"replies":[{"embeddable":true,"href":"https:\/\/www.tikdd.cc\/i\/wp-json\/wp\/v2\/comments?post=2280"}],"version-history":[{"count":1,"href":"https:\/\/www.tikdd.cc\/i\/wp-json\/wp\/v2\/pages\/2280\/revisions"}],"predecessor-version":[{"id":2281,"href":"https:\/\/www.tikdd.cc\/i\/wp-json\/wp\/v2\/pages\/2280\/revisions\/2281"}],"wp:attachment":[{"href":"https:\/\/www.tikdd.cc\/i\/wp-json\/wp\/v2\/media?parent=2280"}],"curies":[{"name":"wp","href":"https:\/\/api.w.org\/{rel}","templated":true}]}}