{"id":2222,"date":"2025-01-08T11:04:05","date_gmt":"2025-01-08T11:04:05","guid":{"rendered":"https:\/\/www.tikdd.cc\/i\/?page_id=2222"},"modified":"2025-01-08T11:04:08","modified_gmt":"2025-01-08T11:04:08","slug":"telecharger-video-nowness","status":"publish","type":"page","link":"https:\/\/www.tikdd.cc\/i\/fr\/telecharger-video-nowness\/","title":{"rendered":"T\u00e9l\u00e9charger Vid\u00e9o\u00a0Nowness"},"content":{"rendered":"\n<p><strong>T\u00e9l\u00e9chargeur de vid\u00e9os Nowness<\/strong> est un outil gratuit permettant de t\u00e9l\u00e9charger des vid\u00e9os de <a href=\"https:\/\/www.nowness.com\/\" rel=\"nofollow noopener\" target=\"_blank\">Nowness<\/a>, une plateforme mondiale pr\u00e9sentant des films et des vid\u00e9os sur l&#8217;art, la culture, la mode et le design. Ce t\u00e9l\u00e9chargeur permet aux utilisateurs d&#8217;enregistrer le contenu dans des formats haute d\u00e9finition tels que .mp4, ce qui le rend parfait pour le visionnage hors ligne d&#8217;\u0153uvres cr\u00e9atives et inspirantes. En collant l&#8217;URL de la vid\u00e9o dans le t\u00e9l\u00e9chargeur, les utilisateurs peuvent acc\u00e9der rapidement \u00e0 leurs vid\u00e9os Nowness pr\u00e9f\u00e9r\u00e9es. Cet outil est id\u00e9al pour les artistes, les \u00e9tudiants et les passionn\u00e9s de culture qui souhaitent explorer le contenu de Nowness sans connexion Internet.<\/p>\n\n\n\n<p>Exemple d&#8217;URL &gt;&gt;&gt; https:\/\/www.nowness.com\/story\/as-time-goes-by-nadia-lee-cohen-saint-laurent<\/p>\n\n\n\n<div class=\"section features-1\">\n        <div class=\"container\">\n            <div class=\"row\">\n                <div class=\"col-md-8 mx-auto text-center\">\n                    <h2 class=\"display-4 mb-5\"><a href=\"#\" target=\"_blank\">Comment t\u00e9l\u00e9charger des vid\u00e9os de Nowness ?<\/a><\/h2>\n                <\/div>\n            <\/div>\n            <div class=\"row text-center\">\n                <div class=\"col\">\n                    <div class=\"info\">\n                        <div class=\"icon icon-lg icon-shape icon-shape-primary shadow rounded-circle\">\n                            <i class=\"fas fa-link\"><\/i>\n                        <\/div>\n                        <h6 class=\"info-title text-uppercase text-primary\">Copier l&#8217;URL de la vid\u00e9o \u00e0 partager<\/h6>\n                        <p class=\"description opacity-8\"><\/p>\n                    <\/div>\n                <\/div>\n                <div class=\"col\">\n                    <div class=\"info\">\n                        <div class=\"icon icon-lg icon-shape icon-shape-success shadow rounded-circle\">\n                            <i class=\"fas fa-paste\"><\/i>\n                        <\/div>\n                        <h6 class=\"info-title text-uppercase text-success\">Collez-la dans le champ ci-dessus<\/h6>\n                        <p class=\"description opacity-8\"><\/p>\n                    <\/div>\n                <\/div>\n                <div class=\"col\">\n                    <div class=\"info\">\n                        <div class=\"icon icon-lg icon-shape icon-shape-info shadow rounded-circle\">\n                            <i class=\"fas fa-download\"><\/i>\n                        <\/div>\n                        <h6 class=\"info-title text-uppercase text-info\">Cliquez sur le bouton de t\u00e9l\u00e9chargement<\/h6>\n                        <p class=\"description opacity-8\"><\/p>\n                    <\/div>\n                <\/div>\n            <\/div>\n        <\/div>\n    <\/div>\n","protected":false},"excerpt":{"rendered":"<p>T\u00e9l\u00e9chargeur de vid\u00e9os Nowness est un outil gratuit permettant de t\u00e9l\u00e9charger des vid\u00e9os de Nowness,&hellip;<\/p>\n","protected":false},"author":1,"featured_media":0,"parent":0,"menu_order":0,"comment_status":"closed","ping_status":"closed","template":"page-templates\/template-downloader.php","meta":{"footnotes":""},"class_list":["post-2222","page","type-page","status-publish","hentry"],"_links":{"self":[{"href":"https:\/\/www.tikdd.cc\/i\/wp-json\/wp\/v2\/pages\/2222","targetHints":{"allow":["GET"]}}],"collection":[{"href":"https:\/\/www.tikdd.cc\/i\/wp-json\/wp\/v2\/pages"}],"about":[{"href":"https:\/\/www.tikdd.cc\/i\/wp-json\/wp\/v2\/types\/page"}],"author":[{"embeddable":true,"href":"https:\/\/www.tikdd.cc\/i\/wp-json\/wp\/v2\/users\/1"}],"replies":[{"embeddable":true,"href":"https:\/\/www.tikdd.cc\/i\/wp-json\/wp\/v2\/comments?post=2222"}],"version-history":[{"count":1,"href":"https:\/\/www.tikdd.cc\/i\/wp-json\/wp\/v2\/pages\/2222\/revisions"}],"predecessor-version":[{"id":2224,"href":"https:\/\/www.tikdd.cc\/i\/wp-json\/wp\/v2\/pages\/2222\/revisions\/2224"}],"wp:attachment":[{"href":"https:\/\/www.tikdd.cc\/i\/wp-json\/wp\/v2\/media?parent=2222"}],"curies":[{"name":"wp","href":"https:\/\/api.w.org\/{rel}","templated":true}]}}