{"id":1837,"date":"2024-12-24T11:15:23","date_gmt":"2024-12-24T11:15:23","guid":{"rendered":"https:\/\/www.tikdd.cc\/i\/?page_id=1837"},"modified":"2026-03-01T03:28:16","modified_gmt":"2026-03-01T03:28:16","slug":"descargar-de-videos-xvideos","status":"publish","type":"page","link":"https:\/\/www.tikdd.cc\/i\/es\/descargar-de-videos-xvideos\/","title":{"rendered":"Descargar de v\u00eddeos XVideos"},"content":{"rendered":"\n<p>Descargar de v\u00eddeos XVideos es una herramienta gratuita para descargar v\u00eddeos de <a href=\"https:\/\/www.xvideos.com\/\" rel=\"nofollow noopener\" target=\"_blank\">XVideos.com<\/a>, una plataforma de entretenimiento para adultos ampliamente reconocida. Este descargador permite a los usuarios guardar v\u00eddeos en formatos de alta definici\u00f3n como .MP4, ofreciendo la comodidad de verlos sin conexi\u00f3n. El proceso es sencillo: copia la URL del v\u00eddeo de XVideos, p\u00e9gala en el descargador y empieza a descargar su contenido de forma r\u00e1pida y eficaz.<\/p>\n\n\n\n<p>Ejemplo de URL &gt;&gt;&gt; https:\/\/www.xvideos.com\/video.ufmecebef0d\/39007453\/0\/_no_penetration_please_my_boyfriend_might_be_mad_stepsis_creamy_rubbing_and_fucking<\/p>\n\n\n\n<div class=\"section features-1\">\n        <div class=\"container\">\n            <div class=\"row\">\n                <div class=\"col-md-8 mx-auto text-center\">\n                    <h2 class=\"display-4 mb-5\">\u00bfC\u00f3mo descargar v\u00eddeos de XVideos?<\/h2>\n                <\/div>\n            <\/div>\n            <div class=\"row text-center\">\n                <div class=\"col\">\n                    <div class=\"info\">\n                        <div class=\"icon icon-lg icon-shape icon-shape-primary shadow rounded-circle\">\n                            <i class=\"fas fa-link\"><\/i>\n                        <\/div>\n                        <h6 class=\"info-title text-uppercase text-primary\">Copiar URL de v\u00eddeo compartible<\/h6>\n                        <p class=\"description opacity-8\"><\/p>\n                    <\/div>\n                <\/div>\n                <div class=\"col\">\n                    <div class=\"info\">\n                        <div class=\"icon icon-lg icon-shape icon-shape-success shadow rounded-circle\">\n                            <i class=\"fas fa-paste\"><\/i>\n                        <\/div>\n                        <h6 class=\"info-title text-uppercase text-success\">P\u00e9guelo en el campo de arriba<\/h6>\n                        <p class=\"description opacity-8\"><\/p>\n                    <\/div>\n                <\/div>\n                <div class=\"col\">\n                    <div class=\"info\">\n                        <div class=\"icon icon-lg icon-shape icon-shape-info shadow rounded-circle\">\n                            <i class=\"fas fa-download\"><\/i>\n                        <\/div>\n                        <h6 class=\"info-title text-uppercase text-info\">Haga clic en el bot\u00f3n de descarga<\/h6>\n                        <p class=\"description opacity-8\"><\/p>\n                    <\/div>\n                <\/div>\n            <\/div>\n        <\/div>\n    <\/div>\n\n\n","protected":false},"excerpt":{"rendered":"<p>Descargar de v\u00eddeos XVideos es una herramienta gratuita para descargar v\u00eddeos de XVideos.com, una plataforma&hellip;<\/p>\n","protected":false},"author":1,"featured_media":0,"parent":0,"menu_order":0,"comment_status":"closed","ping_status":"closed","template":"page-templates\/template-downloader.php","meta":{"footnotes":""},"class_list":["post-1837","page","type-page","status-publish","hentry"],"_links":{"self":[{"href":"https:\/\/www.tikdd.cc\/i\/wp-json\/wp\/v2\/pages\/1837","targetHints":{"allow":["GET"]}}],"collection":[{"href":"https:\/\/www.tikdd.cc\/i\/wp-json\/wp\/v2\/pages"}],"about":[{"href":"https:\/\/www.tikdd.cc\/i\/wp-json\/wp\/v2\/types\/page"}],"author":[{"embeddable":true,"href":"https:\/\/www.tikdd.cc\/i\/wp-json\/wp\/v2\/users\/1"}],"replies":[{"embeddable":true,"href":"https:\/\/www.tikdd.cc\/i\/wp-json\/wp\/v2\/comments?post=1837"}],"version-history":[{"count":5,"href":"https:\/\/www.tikdd.cc\/i\/wp-json\/wp\/v2\/pages\/1837\/revisions"}],"predecessor-version":[{"id":2696,"href":"https:\/\/www.tikdd.cc\/i\/wp-json\/wp\/v2\/pages\/1837\/revisions\/2696"}],"wp:attachment":[{"href":"https:\/\/www.tikdd.cc\/i\/wp-json\/wp\/v2\/media?parent=1837"}],"curies":[{"name":"wp","href":"https:\/\/api.w.org\/{rel}","templated":true}]}}