{"id":1734,"date":"2024-12-21T13:22:18","date_gmt":"2024-12-21T13:22:18","guid":{"rendered":"https:\/\/www.tikdd.cc\/i\/?page_id=1734"},"modified":"2026-03-01T03:25:55","modified_gmt":"2026-03-01T03:25:55","slug":"descargar-videos-de-pornhub","status":"publish","type":"page","link":"https:\/\/www.tikdd.cc\/i\/es\/descargar-videos-de-pornhub\/","title":{"rendered":"Descargar v\u00eddeos de Pornhub"},"content":{"rendered":"\n<p><strong>Descargar de v\u00eddeos Pornhub<\/strong> es una herramienta especializada dise\u00f1ada para descargar videos de la plataforma <a href=\"https:\/\/www.pornhub.com\/\" rel=\"nofollow noopener\" target=\"_blank\">Pornhub<\/a> de manera r\u00e1pida y sencilla. Es compatible con varios formatos y resoluciones, incluyendo HD y 4K, lo que permite adaptarse a las necesidades espec\u00edficas de los usuarios. Con una interfaz f\u00e1cil de usar, esta herramienta es ideal para quienes desean guardar videos para visualizaci\u00f3n sin conexi\u00f3n, proyectos creativos o archivo personal.<\/p>\n\n\n\n<p>Ejemplo de URL &gt;&gt;&gt; https:\/\/www.pornhub.com\/view_video.php?viewkey=67458e249148e<\/p>\n\n\n\n<div class=\"section features-1\">\n        <div class=\"container\">\n            <div class=\"row\">\n                <div class=\"col-md-8 mx-auto text-center\">\n                    <h2 class=\"display-4 mb-5\"><a href=\"https:\/\/www.tikdd.cc\/i\/es\/como-descargar-videos-de-pornhub\/\" target=\"_blank\">\u00bfC\u00f3mo descargar v\u00eddeos de Pornhub?<\/a><\/h2>\n                <\/div>\n            <\/div>\n            <div class=\"row text-center\">\n                <div class=\"col\">\n                    <div class=\"info\">\n                        <div class=\"icon icon-lg icon-shape icon-shape-primary shadow rounded-circle\">\n                            <i class=\"fas fa-link\"><\/i>\n                        <\/div>\n                        <h6 class=\"info-title text-uppercase text-primary\">Copiar URL de v\u00eddeo compartible<\/h6>\n                        <p class=\"description opacity-8\"><\/p>\n                    <\/div>\n                <\/div>\n                <div class=\"col\">\n                    <div class=\"info\">\n                        <div class=\"icon icon-lg icon-shape icon-shape-success shadow rounded-circle\">\n                            <i class=\"fas fa-paste\"><\/i>\n                        <\/div>\n                        <h6 class=\"info-title text-uppercase text-success\">P\u00e9guelo en el campo de arriba<\/h6>\n                        <p class=\"description opacity-8\"><\/p>\n                    <\/div>\n                <\/div>\n                <div class=\"col\">\n                    <div class=\"info\">\n                        <div class=\"icon icon-lg icon-shape icon-shape-info shadow rounded-circle\">\n                            <i class=\"fas fa-download\"><\/i>\n                        <\/div>\n                        <h6 class=\"info-title text-uppercase text-info\">Haga clic en el bot\u00f3n de descarga<\/h6>\n                        <p class=\"description opacity-8\"><\/p>\n                    <\/div>\n                <\/div>\n            <\/div>\n        <\/div>\n    <\/div>\n\n\n","protected":false},"excerpt":{"rendered":"<p>Descargar de v\u00eddeos Pornhub es una herramienta especializada dise\u00f1ada para descargar videos de la plataforma&hellip;<\/p>\n","protected":false},"author":1,"featured_media":0,"parent":0,"menu_order":0,"comment_status":"closed","ping_status":"closed","template":"page-templates\/template-downloader.php","meta":{"footnotes":""},"class_list":["post-1734","page","type-page","status-publish","hentry"],"_links":{"self":[{"href":"https:\/\/www.tikdd.cc\/i\/wp-json\/wp\/v2\/pages\/1734","targetHints":{"allow":["GET"]}}],"collection":[{"href":"https:\/\/www.tikdd.cc\/i\/wp-json\/wp\/v2\/pages"}],"about":[{"href":"https:\/\/www.tikdd.cc\/i\/wp-json\/wp\/v2\/types\/page"}],"author":[{"embeddable":true,"href":"https:\/\/www.tikdd.cc\/i\/wp-json\/wp\/v2\/users\/1"}],"replies":[{"embeddable":true,"href":"https:\/\/www.tikdd.cc\/i\/wp-json\/wp\/v2\/comments?post=1734"}],"version-history":[{"count":7,"href":"https:\/\/www.tikdd.cc\/i\/wp-json\/wp\/v2\/pages\/1734\/revisions"}],"predecessor-version":[{"id":2688,"href":"https:\/\/www.tikdd.cc\/i\/wp-json\/wp\/v2\/pages\/1734\/revisions\/2688"}],"wp:attachment":[{"href":"https:\/\/www.tikdd.cc\/i\/wp-json\/wp\/v2\/media?parent=1734"}],"curies":[{"name":"wp","href":"https:\/\/api.w.org\/{rel}","templated":true}]}}