{"id":1644,"date":"2024-12-19T12:08:03","date_gmt":"2024-12-19T12:08:03","guid":{"rendered":"https:\/\/www.tikdd.cc\/i\/?page_id=1644"},"modified":"2024-12-19T12:10:49","modified_gmt":"2024-12-19T12:10:49","slug":"telegraaf-video-downloaden","status":"publish","type":"page","link":"https:\/\/www.tikdd.cc\/i\/de\/telegraaf-video-downloaden\/","title":{"rendered":"Telegraaf Video Downloaden"},"content":{"rendered":"\n<p>Telegraaf Video Downloaden ist ein praktisches Tool zum Herunterladen von Videos von <a href=\"https:\/\/www.telegraaf.nl\/\" data-type=\"link\" data-id=\"https:\/\/www.telegraaf.nl\/\" rel=\"nofollow noopener\" target=\"_blank\">Telegraaf<\/a>, einer f\u00fchrenden niederl\u00e4ndischen Nachrichtenplattform, die eine breite Palette an Videoinhalten anbietet, darunter Nachrichtenberichte, Interviews und Reportagen. Mit diesem Downloader k\u00f6nnen Benutzer Videos in hochwertigen Formaten wie .mp4 speichern, um sie offline anzusehen. Der Vorgang ist einfach: Benutzer kopieren die Video-URL von Telegraaf, f\u00fcgen sie in den Downloader ein und greifen schnell auf den Inhalt f\u00fcr den pers\u00f6nlichen Gebrauch zu.<\/p>\n\n\n\n<p>Beispiel-URL &gt;&gt;&gt; https:\/\/www.telegraaf.nl\/video\/1005174034\/hevige-explosie-verwoest-huis-compleet<\/p>\n\n\n\n<div class=\"section features-1\">\n        <div class=\"container\">\n            <div class=\"row\">\n                <div class=\"col-md-8 mx-auto text-center\">\n                    <h2 class=\"display-4 mb-5\">Wie lade ich Videos von Telegraaf Video herunter?<\/h2>\n                <\/div>\n            <\/div>\n            <div class=\"row text-center\">\n                <div class=\"col\">\n                    <div class=\"info\">\n                        <div class=\"icon icon-lg icon-shape icon-shape-primary shadow rounded-circle\">\n                            <i class=\"fas fa-link\"><\/i>\n                        <\/div>\n                        <h6 class=\"info-title text-uppercase text-primary\">URL des teilbaren Videos kopieren<\/h6>\n                        <p class=\"description opacity-8\"><\/p>\n                    <\/div>\n                <\/div>\n                <div class=\"col\">\n                    <div class=\"info\">\n                        <div class=\"icon icon-lg icon-shape icon-shape-success shadow rounded-circle\">\n                            <i class=\"fas fa-paste\"><\/i>\n                        <\/div>\n                        <h6 class=\"info-title text-uppercase text-success\">F\u00fcgen Sie es in das Feld oben ein<\/h6>\n                        <p class=\"description opacity-8\"><\/p>\n                    <\/div>\n                <\/div>\n                <div class=\"col\">\n                    <div class=\"info\">\n                        <div class=\"icon icon-lg icon-shape icon-shape-info shadow rounded-circle\">\n                            <i class=\"fas fa-download\"><\/i>\n                        <\/div>\n                        <h6 class=\"info-title text-uppercase text-info\">Klicken Sie auf Download<\/h6>\n                        <p class=\"description opacity-8\"><\/p>\n                    <\/div>\n                <\/div>\n            <\/div>\n        <\/div>\n    <\/div>\n","protected":false},"excerpt":{"rendered":"<p>Telegraaf Video Downloaden ist ein praktisches Tool zum Herunterladen von Videos von Telegraaf, einer f\u00fchrenden&hellip;<\/p>\n","protected":false},"author":1,"featured_media":0,"parent":0,"menu_order":0,"comment_status":"closed","ping_status":"closed","template":"page-templates\/template-downloader.php","meta":{"footnotes":""},"class_list":["post-1644","page","type-page","status-publish","hentry"],"_links":{"self":[{"href":"https:\/\/www.tikdd.cc\/i\/wp-json\/wp\/v2\/pages\/1644","targetHints":{"allow":["GET"]}}],"collection":[{"href":"https:\/\/www.tikdd.cc\/i\/wp-json\/wp\/v2\/pages"}],"about":[{"href":"https:\/\/www.tikdd.cc\/i\/wp-json\/wp\/v2\/types\/page"}],"author":[{"embeddable":true,"href":"https:\/\/www.tikdd.cc\/i\/wp-json\/wp\/v2\/users\/1"}],"replies":[{"embeddable":true,"href":"https:\/\/www.tikdd.cc\/i\/wp-json\/wp\/v2\/comments?post=1644"}],"version-history":[{"count":2,"href":"https:\/\/www.tikdd.cc\/i\/wp-json\/wp\/v2\/pages\/1644\/revisions"}],"predecessor-version":[{"id":1650,"href":"https:\/\/www.tikdd.cc\/i\/wp-json\/wp\/v2\/pages\/1644\/revisions\/1650"}],"wp:attachment":[{"href":"https:\/\/www.tikdd.cc\/i\/wp-json\/wp\/v2\/media?parent=1644"}],"curies":[{"name":"wp","href":"https:\/\/api.w.org\/{rel}","templated":true}]}}