{"id":1589,"date":"2024-12-18T13:29:18","date_gmt":"2024-12-18T13:29:18","guid":{"rendered":"https:\/\/www.tikdd.cc\/i\/?page_id=1589"},"modified":"2026-03-01T03:25:59","modified_gmt":"2026-03-01T03:25:59","slug":"pornhub-video-downloaden","status":"publish","type":"page","link":"https:\/\/www.tikdd.cc\/i\/de\/pornhub-video-downloaden\/","title":{"rendered":"Pornhub Video Downloaden"},"content":{"rendered":"\n<p>Pornhub Video Downloaden ist ein kostenloses Tool zum Herunterladen von Videos von <a href=\"https:\/\/www.pornhub.com\/\" rel=\"nofollow noopener\" target=\"_blank\">Pornhub.com<\/a>, einer weltweit anerkannten Plattform f\u00fcr Inhalte f\u00fcr Erwachsene. Mit diesem Downloader k\u00f6nnen Benutzer Videos in hochaufl\u00f6senden Formaten wie .MP4 speichern und sie so bequem offline ansehen. Um das Tool zu verwenden, kopieren Sie die URL des gew\u00fcnschten Videos von Pornhub, f\u00fcgen Sie sie in den Downloader ein und starten Sie den Download ganz einfach.<\/p>\n\n\n\n<p>Beispiel-URL &gt;&gt;&gt; https:\/\/www.pornhub.com\/view_video.php?viewkey=67458e249148e<\/p>\n\n\n\n<div class=\"section features-1\">\n        <div class=\"container\">\n            <div class=\"row\">\n                <div class=\"col-md-8 mx-auto text-center\">\n                    <h2 class=\"display-4 mb-5\"><a href=\"https:\/\/www.tikdd.cc\/i\/de\/wie-man-videos-von-pornhub-herunterladt\/\" target=\"_blank\">Wie l\u00e4dt man Videos von Pornhub herunter?<\/a><\/h2>\n                <\/div>\n            <\/div>\n            <div class=\"row text-center\">\n                <div class=\"col\">\n                    <div class=\"info\">\n                        <div class=\"icon icon-lg icon-shape icon-shape-primary shadow rounded-circle\">\n                            <i class=\"fas fa-link\"><\/i>\n                        <\/div>\n                        <h6 class=\"info-title text-uppercase text-primary\">URL des teilbaren Videos kopieren<\/h6>\n                        <p class=\"description opacity-8\"><\/p>\n                    <\/div>\n                <\/div>\n                <div class=\"col\">\n                    <div class=\"info\">\n                        <div class=\"icon icon-lg icon-shape icon-shape-success shadow rounded-circle\">\n                            <i class=\"fas fa-paste\"><\/i>\n                        <\/div>\n                        <h6 class=\"info-title text-uppercase text-success\">F\u00fcgen Sie es in das Feld oben ein<\/h6>\n                        <p class=\"description opacity-8\"><\/p>\n                    <\/div>\n                <\/div>\n                <div class=\"col\">\n                    <div class=\"info\">\n                        <div class=\"icon icon-lg icon-shape icon-shape-info shadow rounded-circle\">\n                            <i class=\"fas fa-download\"><\/i>\n                        <\/div>\n                        <h6 class=\"info-title text-uppercase text-info\">Klicken Sie auf Download<\/h6>\n                        <p class=\"description opacity-8\"><\/p>\n                    <\/div>\n                <\/div>\n            <\/div>\n        <\/div>\n    <\/div>\n\n\n","protected":false},"excerpt":{"rendered":"<p>Pornhub Video Downloaden ist ein kostenloses Tool zum Herunterladen von Videos von Pornhub.com, einer weltweit&hellip;<\/p>\n","protected":false},"author":1,"featured_media":0,"parent":0,"menu_order":0,"comment_status":"closed","ping_status":"closed","template":"page-templates\/template-downloader.php","meta":{"footnotes":""},"class_list":["post-1589","page","type-page","status-publish","hentry"],"_links":{"self":[{"href":"https:\/\/www.tikdd.cc\/i\/wp-json\/wp\/v2\/pages\/1589","targetHints":{"allow":["GET"]}}],"collection":[{"href":"https:\/\/www.tikdd.cc\/i\/wp-json\/wp\/v2\/pages"}],"about":[{"href":"https:\/\/www.tikdd.cc\/i\/wp-json\/wp\/v2\/types\/page"}],"author":[{"embeddable":true,"href":"https:\/\/www.tikdd.cc\/i\/wp-json\/wp\/v2\/users\/1"}],"replies":[{"embeddable":true,"href":"https:\/\/www.tikdd.cc\/i\/wp-json\/wp\/v2\/comments?post=1589"}],"version-history":[{"count":5,"href":"https:\/\/www.tikdd.cc\/i\/wp-json\/wp\/v2\/pages\/1589\/revisions"}],"predecessor-version":[{"id":2689,"href":"https:\/\/www.tikdd.cc\/i\/wp-json\/wp\/v2\/pages\/1589\/revisions\/2689"}],"wp:attachment":[{"href":"https:\/\/www.tikdd.cc\/i\/wp-json\/wp\/v2\/media?parent=1589"}],"curies":[{"name":"wp","href":"https:\/\/api.w.org\/{rel}","templated":true}]}}