{"id":1516,"date":"2024-12-18T08:57:30","date_gmt":"2024-12-18T08:57:30","guid":{"rendered":"https:\/\/www.tikdd.cc\/i\/?page_id=1516"},"modified":"2024-12-18T08:57:34","modified_gmt":"2024-12-18T08:57:34","slug":"myspace-video-downloaden","status":"publish","type":"page","link":"https:\/\/www.tikdd.cc\/i\/de\/myspace-video-downloaden\/","title":{"rendered":"Myspace Video Downloaden"},"content":{"rendered":"\n<p>Myspace Video Downloaden ist ein Tool zum Herunterladen von Videos von <a href=\"https:\/\/myspace.com\/\" rel=\"nofollow noopener\" target=\"_blank\">Myspace<\/a>, der bekannten Social-Networking-Plattform, die Musikvideos, Interviews und andere Multimedia-Inhalte enth\u00e4lt. Mit diesem Downloader k\u00f6nnen Benutzer Videos in Formaten wie .mp4 speichern und so eine hochwertige Offline-Wiedergabe gew\u00e4hrleisten. Durch einfaches Einf\u00fcgen der Video-URL in den Downloader k\u00f6nnen Benutzer schnell auf ihre Lieblingsinhalte auf Myspace zugreifen und diese f\u00fcr den pers\u00f6nlichen Gebrauch speichern. Das Tool ist schnell, kostenlos und benutzerfreundlich und eignet sich daher ideal f\u00fcr die Aufbewahrung seltener oder nostalgischer Medien, die auf Myspace verf\u00fcgbar sind.<\/p>\n\n\n\n<p>Beispiel-URL &gt;&gt;&gt; https:\/\/myspace.com\/gettingnailed\/video\/aubrey-peeples\/109566292<\/p>\n","protected":false},"excerpt":{"rendered":"<p>Myspace Video Downloaden ist ein Tool zum Herunterladen von Videos von Myspace, der bekannten Social-Networking-Plattform,&hellip;<\/p>\n","protected":false},"author":1,"featured_media":0,"parent":0,"menu_order":0,"comment_status":"closed","ping_status":"closed","template":"page-templates\/template-downloader.php","meta":{"footnotes":""},"class_list":["post-1516","page","type-page","status-publish","hentry"],"_links":{"self":[{"href":"https:\/\/www.tikdd.cc\/i\/wp-json\/wp\/v2\/pages\/1516","targetHints":{"allow":["GET"]}}],"collection":[{"href":"https:\/\/www.tikdd.cc\/i\/wp-json\/wp\/v2\/pages"}],"about":[{"href":"https:\/\/www.tikdd.cc\/i\/wp-json\/wp\/v2\/types\/page"}],"author":[{"embeddable":true,"href":"https:\/\/www.tikdd.cc\/i\/wp-json\/wp\/v2\/users\/1"}],"replies":[{"embeddable":true,"href":"https:\/\/www.tikdd.cc\/i\/wp-json\/wp\/v2\/comments?post=1516"}],"version-history":[{"count":1,"href":"https:\/\/www.tikdd.cc\/i\/wp-json\/wp\/v2\/pages\/1516\/revisions"}],"predecessor-version":[{"id":1518,"href":"https:\/\/www.tikdd.cc\/i\/wp-json\/wp\/v2\/pages\/1516\/revisions\/1518"}],"wp:attachment":[{"href":"https:\/\/www.tikdd.cc\/i\/wp-json\/wp\/v2\/media?parent=1516"}],"curies":[{"name":"wp","href":"https:\/\/api.w.org\/{rel}","templated":true}]}}