{"id":1305,"date":"2024-12-17T02:19:57","date_gmt":"2024-12-17T02:19:57","guid":{"rendered":"https:\/\/www.tikdd.cc\/i\/?page_id=1305"},"modified":"2024-12-17T02:20:00","modified_gmt":"2024-12-17T02:20:00","slug":"4tube-downloaden","status":"publish","type":"page","link":"https:\/\/www.tikdd.cc\/i\/de\/4tube-downloaden\/","title":{"rendered":"4Tube downloaden"},"content":{"rendered":"\n<p>4Tube Downloaden ist ein spezialisiertes Tool, mit dem Benutzer Videos von der Plattform <a href=\"https:\/\/www.4tube.com\/\" rel=\"nofollow noopener\" target=\"_blank\">4Tube<\/a> schnell und einfach herunterladen k\u00f6nnen. Es unterst\u00fctzt verschiedene Formate und Aufl\u00f6sungen, einschlie\u00dflich HD, und erm\u00f6glicht eine benutzerfreundliche Anpassung der heruntergeladenen Inhalte. Dieses Tool eignet sich ideal f\u00fcr Privatpersonen, Content-Ersteller und Forscher, die 4Tube-Videos offline speichern oder f\u00fcr kreative Projekte, Pr\u00e4sentationen oder Archivierungen nutzen m\u00f6chten. Mit hoher Downloadgeschwindigkeit, umfassender Sicherheit und Kompatibilit\u00e4t mit verschiedenen Ger\u00e4ten und Betriebssystemen bietet der 4Tube Downloaden eine zuverl\u00e4ssige L\u00f6sung f\u00fcr das effiziente Speichern und Verwalten von Video-Inhalten.<\/p>\n\n\n\n<div class=\"section features-1\">\r\n        <div class=\"container\">\r\n            <div class=\"row\">\r\n                <div class=\"col-md-8 mx-auto text-center\">\r\n                    <h2 class=\"display-4 mb-5\">Wie benutzt man?<\/h2>\r\n                <\/div>\r\n            <\/div>\r\n            <div class=\"row text-center\">\r\n                <div class=\"col\">\r\n                    <div class=\"info\">\r\n                        <div class=\"icon icon-lg icon-shape icon-shape-primary shadow rounded-circle\">\r\n                            <i class=\"fas fa-link\"><\/i>\r\n                        <\/div>\r\n                        <h6 class=\"info-title text-uppercase text-primary\">URL des teilbaren Videos kopieren<\/h6>\r\n                        <p class=\"description opacity-8\"><\/p>\r\n                    <\/div>\r\n                <\/div>\r\n                <div class=\"col\">\r\n                    <div class=\"info\">\r\n                        <div class=\"icon icon-lg icon-shape icon-shape-success shadow rounded-circle\">\r\n                            <i class=\"fas fa-paste\"><\/i>\r\n                        <\/div>\r\n                        <h6 class=\"info-title text-uppercase text-success\">F\u00fcgen Sie es in das Feld oben ein<\/h6>\r\n                        <p class=\"description opacity-8\"><\/p>\r\n                    <\/div>\r\n                <\/div>\r\n                <div class=\"col\">\r\n                    <div class=\"info\">\r\n                        <div class=\"icon icon-lg icon-shape icon-shape-info shadow rounded-circle\">\r\n                            <i class=\"fas fa-download\"><\/i>\r\n                        <\/div>\r\n                        <h6 class=\"info-title text-uppercase text-info\">Klicken Sie auf Download<\/h6>\r\n                        <p class=\"description opacity-8\"><\/p>\r\n                    <\/div>\r\n                <\/div>\r\n            <\/div>\r\n        <\/div>\r\n    <\/div>\n","protected":false},"excerpt":{"rendered":"<p>4Tube Downloaden ist ein spezialisiertes Tool, mit dem Benutzer Videos von der Plattform 4Tube schnell&hellip;<\/p>\n","protected":false},"author":1,"featured_media":0,"parent":0,"menu_order":0,"comment_status":"closed","ping_status":"closed","template":"page-templates\/template-downloader.php","meta":{"footnotes":""},"class_list":["post-1305","page","type-page","status-publish","hentry"],"_links":{"self":[{"href":"https:\/\/www.tikdd.cc\/i\/wp-json\/wp\/v2\/pages\/1305","targetHints":{"allow":["GET"]}}],"collection":[{"href":"https:\/\/www.tikdd.cc\/i\/wp-json\/wp\/v2\/pages"}],"about":[{"href":"https:\/\/www.tikdd.cc\/i\/wp-json\/wp\/v2\/types\/page"}],"author":[{"embeddable":true,"href":"https:\/\/www.tikdd.cc\/i\/wp-json\/wp\/v2\/users\/1"}],"replies":[{"embeddable":true,"href":"https:\/\/www.tikdd.cc\/i\/wp-json\/wp\/v2\/comments?post=1305"}],"version-history":[{"count":1,"href":"https:\/\/www.tikdd.cc\/i\/wp-json\/wp\/v2\/pages\/1305\/revisions"}],"predecessor-version":[{"id":1307,"href":"https:\/\/www.tikdd.cc\/i\/wp-json\/wp\/v2\/pages\/1305\/revisions\/1307"}],"wp:attachment":[{"href":"https:\/\/www.tikdd.cc\/i\/wp-json\/wp\/v2\/media?parent=1305"}],"curies":[{"name":"wp","href":"https:\/\/api.w.org\/{rel}","templated":true}]}}