{"id":1282,"date":"2024-12-17T01:25:13","date_gmt":"2024-12-17T01:25:13","guid":{"rendered":"https:\/\/www.tikdd.cc\/i\/?page_id=1282"},"modified":"2024-12-17T01:36:00","modified_gmt":"2024-12-17T01:36:00","slug":"1tv-ru-video-downloaden","status":"publish","type":"page","link":"https:\/\/www.tikdd.cc\/i\/de\/1tv-ru-video-downloaden\/","title":{"rendered":"1TV.ru Video Downloaden"},"content":{"rendered":"\n<p><strong>1TV.ru Video Downloader<\/strong> ist ein kostenloses Tool zum schnellen und effizienten Herunterladen von Videos von der russischen TV-Sender-Website <a href=\"https:\/\/www.1tv.ru\/\" data-type=\"link\" data-id=\"https:\/\/www.1tv.ru\/\" rel=\"nofollow noopener\" target=\"_blank\">1TV.ru<\/a>. Es unterst\u00fctzt verschiedene Videoformate und -aufl\u00f6sungen, einschlie\u00dflich HD, und bietet eine benutzerfreundliche Oberfl\u00e4che f\u00fcr eine einfache Handhabung. Dieses Tool ist ideal f\u00fcr Einzelpersonen, Inhaltsersteller und Profis, die 1TV.ru-Videos offline speichern oder f\u00fcr Pr\u00e4sentationen, Archivierung oder kreative Projekte verwenden m\u00f6chten. Mit schneller Downloadgeschwindigkeit, hoher Datensicherheit und breiter Kompatibilit\u00e4t mit verschiedenen Ger\u00e4ten und Betriebssystemen ist 1TV.ru Video Downloaden eine zuverl\u00e4ssige L\u00f6sung zum effizienten Speichern und Verwalten von Multimedia-Inhalten.<\/p>\n\n\n\n<div class=\"section features-1\">\n        <div class=\"container\">\n            <div class=\"row\">\n                <div class=\"col-md-8 mx-auto text-center\">\n                    <h2 class=\"display-4 mb-5\">Wie benutzt man?<\/h2>\n                <\/div>\n            <\/div>\n            <div class=\"row text-center\">\n                <div class=\"col\">\n                    <div class=\"info\">\n                        <div class=\"icon icon-lg icon-shape icon-shape-primary shadow rounded-circle\">\n                            <i class=\"fas fa-link\"><\/i>\n                        <\/div>\n                        <h6 class=\"info-title text-uppercase text-primary\">URL des teilbaren Videos kopieren<\/h6>\n                        <p class=\"description opacity-8\"><\/p>\n                    <\/div>\n                <\/div>\n                <div class=\"col\">\n                    <div class=\"info\">\n                        <div class=\"icon icon-lg icon-shape icon-shape-success shadow rounded-circle\">\n                            <i class=\"fas fa-paste\"><\/i>\n                        <\/div>\n                        <h6 class=\"info-title text-uppercase text-success\">F\u00fcgen Sie es in das Feld oben ein<\/h6>\n                        <p class=\"description opacity-8\"><\/p>\n                    <\/div>\n                <\/div>\n                <div class=\"col\">\n                    <div class=\"info\">\n                        <div class=\"icon icon-lg icon-shape icon-shape-info shadow rounded-circle\">\n                            <i class=\"fas fa-download\"><\/i>\n                        <\/div>\n                        <h6 class=\"info-title text-uppercase text-info\">Klicken Sie auf Download<\/h6>\n                        <p class=\"description opacity-8\"><\/p>\n                    <\/div>\n                <\/div>\n            <\/div>\n        <\/div>\n    <\/div>\n","protected":false},"excerpt":{"rendered":"<p>1TV.ru Video Downloader ist ein kostenloses Tool zum schnellen und effizienten Herunterladen von Videos von&hellip;<\/p>\n","protected":false},"author":1,"featured_media":0,"parent":0,"menu_order":0,"comment_status":"closed","ping_status":"closed","template":"page-templates\/template-downloader.php","meta":{"footnotes":""},"class_list":["post-1282","page","type-page","status-publish","hentry"],"_links":{"self":[{"href":"https:\/\/www.tikdd.cc\/i\/wp-json\/wp\/v2\/pages\/1282","targetHints":{"allow":["GET"]}}],"collection":[{"href":"https:\/\/www.tikdd.cc\/i\/wp-json\/wp\/v2\/pages"}],"about":[{"href":"https:\/\/www.tikdd.cc\/i\/wp-json\/wp\/v2\/types\/page"}],"author":[{"embeddable":true,"href":"https:\/\/www.tikdd.cc\/i\/wp-json\/wp\/v2\/users\/1"}],"replies":[{"embeddable":true,"href":"https:\/\/www.tikdd.cc\/i\/wp-json\/wp\/v2\/comments?post=1282"}],"version-history":[{"count":3,"href":"https:\/\/www.tikdd.cc\/i\/wp-json\/wp\/v2\/pages\/1282\/revisions"}],"predecessor-version":[{"id":1289,"href":"https:\/\/www.tikdd.cc\/i\/wp-json\/wp\/v2\/pages\/1282\/revisions\/1289"}],"wp:attachment":[{"href":"https:\/\/www.tikdd.cc\/i\/wp-json\/wp\/v2\/media?parent=1282"}],"curies":[{"name":"wp","href":"https:\/\/api.w.org\/{rel}","templated":true}]}}